ctor of 5889?
True
Is 985 a multiple of 17?
False
Is 2341 a multiple of 39?
False
Is 12 a factor of 2292?
True
Is 1980 a multiple of 132?
True
Is 9059 a multiple of 26?
False
Does 77 divide 24160?
False
Is 3691 a multiple of 27?
False
Is 19 a factor of 1520?
True
Is 450 a multiple of 50?
True
Is 11 a factor of 2827?
True
Is 48 a multiple of 6?
True
Is 15270 a multiple of 27?
False
Does 7 divide 1351?
True
Is 34 a factor of 273?
False
Does 31 divide 389?
False
Is 42 a factor of 84679?
False
Is 59 a multiple of 4?
False
Does 59 divide 2183?
True
Does 19 divide 874?
True
Is 22063 a multiple of 10?
False
Does 13 divide 12870?
True
Does 5 divide 17200?
True
Does 213 divide 20440?
False
Does 41 divide 24149?
True
Is 108 even?
True
Is 3618 a multiple of 2?
True
Is 1307 a multiple of 3?
False
Is 2 a factor of 5446?
True
Is 22 a factor of 268?
False
Is 23 a factor of 36225?
True
Is 20 a factor of 1322?
False
Does 7 divide 133?
True
Is 1446 a multiple of 70?
False
Is 150 a factor of 25800?
True
Does 43 divide 1663?
False
Is 4 a factor of 6883?
False
Does 19 divide 1114?
False
Is 32 a factor of 11362?
False
Is 14 a factor of 1653?
False
Is 541 a multiple of 23?
False
Is 749 a multiple of 79?
False
Is 7236 a multiple of 108?
True
Is 10 a factor of 1700?
True
Is 2 a factor of 561?
False
Is 4774 a multiple of 12?
False
Does 26 divide 1090?
False
Does 9 divide 718?
False
Is 15 a factor of 255?
True
Does 55 divide 2651?
False
Is 23433 a multiple of 174?
False
Does 34 divide 2482?
True
Is 67 a factor of 16958?
False
Is 2 a factor of 211?
False
Does 26 divide 390?
True
Does 25 divide 3959?
False
Is 192 a factor of 60482?
False
Does 29 divide 696?
True
Is 15 a factor of 5055?
True
Is 30672 a multiple of 71?
True
Is 408 a multiple of 68?
True
Is 420 a multiple of 28?
True
Is 21 a multiple of 6?
False
Is 8 a factor of 194?
False
Does 46 divide 1053?
False
Is 39 a factor of 936?
True
Is 59 a multiple of 28?
False
Is 80011 a multiple of 29?
True
Is 17 a factor of 1199?
False
Does 5 divide 236?
False
Does 7 divide 21702?
False
Does 214 divide 84744?
True
Does 70 divide 416?
False
Is 4 a factor of 1202?
False
Is 19 a factor of 4267?
False
Does 3 divide 210?
True
Is 2 a factor of 349?
False
Is 35412 a multiple of 26?
True
Is 10 a factor of 4880?
True
Is 906 a multiple of 11?
False
Does 20 divide 342?
False
Is 66329 a multiple of 92?
False
Does 24 divide 1511?
False
Is 3958 a multiple of 14?
False
Is 17 a factor of 2618?
True
Is 3649 a multiple of 29?
False
Is 29 a factor of 16778?
False
Is 13780 a multiple of 106?
True
Is 58 a factor of 290?
True
Does 123 divide 92489?
False
Is 16 a factor of 5185?
False
Is 8682 a multiple of 33?
False
Is 7992 a multiple of 65?
False
Does 4 divide 20803?
False
Is 12 a factor of 7473?
False
Is 12 a factor of 31205?
False
Is 12462 a multiple of 114?
False
Is 70439 a multiple of 17?
False
Is 1080 a multiple of 12?
True
Is 2042 a multiple of 28?
False
Does 4 divide 3880?
True
Is 202 a factor of 1095?
False
Is 8 a factor of 120?
True
Is 31 a factor of 2858?
False
Does 10 divide 3914?
False
Is 68 a factor of 1334?
False
Is 753 a multiple of 9?
False
Is 13 a factor of 1183?
True
Does 46 divide 44206?
True
Is 91 a factor of 2184?
True
Does 9 divide 552?
False
Does 41 divide 128?
False
Is 452 a multiple of 6?
False
Does 9 divide 678?
False
Is 26 a factor of 1040?
True
Does 12 divide 9525?
False
Does 50 divide 115?
False
Is 16 a factor of 35488?
True
Does 48 divide 12096?
True
Does 19 divide 1468?
False
Is 19800 a multiple of 99?
True
Is 379 a multiple of 67?
False
Is 125 a factor of 47125?
True
Is 5 a factor of 2480?
True
Does 50 divide 650?
True
Does 22 divide 795?
False
Is 72 a factor of 123408?
True
Does 5 divide 760?
True
Is 11 a factor of 638?
True
Is 8853 a multiple of 6?
False
Is 24 a factor of 16824?
True
Is 17501 a multiple of 123?
False
Does 8 divide 128?
True
Does 176 divide 7262?
False
Is 504 a multiple of 28?
True
Does 17 divide 38917?
False
Does 169 divide 27822?
False
Is 4864 a multiple of 6?
False
Is 735 a multiple of 21?
True
Does 4 divide 6199?
False
Is 45 a factor of 3555?
True
Does 121 divide 21973?
False
Does 156 divide 28860?
True
Does 15 divide 22439?
False
Is 25 a factor of 4596?
False
Does 167 divide 12363?
False
Does 13 divide 9736?
False
Is 413 even?
False
Does 21 divide 1575?
True
Is 25 a factor of 775?
True
Is 89 a factor of 41385?
True
Is 28 a factor of 11821?
False
Is 54 a factor of 37871?
False
Does 15 divide 1185?
True
Is 5917 a multiple of 12?
False
Is 13 a factor of 7527?
True
Does 9 divide 57245?
False
Is 143 a factor of 13585?
True
Is 42 a factor of 19740?
True
Is 22 a factor of 13486?
True
Is 15 a factor of 31295?
False
Is 4641 a multiple of 18?
False
Does 66 divide 8740?
False
Is 14 a factor of 5557?
False
Is 95 a factor of 22612?
False
Is 554 a multiple of 6?
False
Does 24 divide 15076?
False
Is 2625 a multiple of 25?
True
Does 33 divide 18843?
True
Is 26 a factor of 17028?
False
Does 12 divide 7528?
False
Is 7972 a multiple of 35?
False
Does 59 divide 5309?
False
Is 5960 a multiple of 8?
True
Is 10579 a multiple of 34?
False
Does 175 divide 15925?
True
Does 211 divide 65415?
False
Is 29 a factor of 29?
True
Is 15 a factor of 1101?
False
Is 5 a factor of 1029?
False
Is 298 a factor of 53938?
True
Does 180 divide 21819?
False
Does 42 divide 2887?
False
Is 435 a multiple of 3?
True
Is 4288 a multiple of 44?
False
Is 51096 a multiple of 63?
False
Is 40 a factor of 1098?
False
Does 16 divide 3440?
True
Does 11 divide 1782?
True
Is 730 a multiple of 73?
True
Is 1443 a multiple of 11?
False
Is 14 a factor of 20342?
True
Does 24 divide 600?
True
Is 2255 a multiple of 19?
False
Does 37 divide 1295?
True
Does 10 divide 19038?
False
Is 4 a factor of 1025?
False
Is 32103 a multiple of 41?
True
Is 108 a factor of 11356?
False
Is 2 a factor of 437?
False
Is 29 a multiple of 4?
False
Does 88 divide 3197?
False
Is 12 a factor of 1176?
True
Does 16 divide 2903?
False
Does 5 divide 1455?
True
Is 85085 a multiple of 13?
True
Is 112 a multiple of 16?
True
Is 27381 a multiple of 12?
False
Is 83 a factor of 3071?
True
Is 1919 a multiple of 3?
False
Does 62 divide 4307?
False
Is 3 a factor of 330?
True
Is 11 a multiple of 11?
True
Is 30 a factor of 8160?
True
Is 59 a factor of 3245?
True
Does 51 divide 182?
False
Does 2 divide 58?
True
Is 17 a factor of 672?
False
Is 1237 a multiple of 2?
False
Is 11010 a multiple of 148?
False
Is 27 a factor of 2082?
False
Is 5130 a multiple of 54?
True
Is 6 a factor of 421?
False
Is 792 a multiple of 36?
True
Does 130 divide 26540?
False
Is 22 a multiple of 11?
True
Does 7 divide 24537?
False
Is 12 a factor of 18720?
True
Is 31 a factor of 8370?
True
Is 64 a factor of 3147?
False
Is 1182 a multiple of 10?
False
Is 470 even?
True
Does 19 divide 751?
False
Does 14 divide 1932?
True
Does 19 divide 608?
True
Is 360 a multiple of 6?
True
Is 13 a factor of 13702?
True
Does 35 divide 2098?
False
Is 48 a multiple of 9?
False
Does 95 divide 8418?
False
Is 1393 a multiple of 9?
False
Does 21 divide 37648?
False
Is 4402 a multiple of 6?
False
Does 69 divide 1425?
False
Does 8 divide 280?
True
Is 27 a factor of 1597?
False
Does 22 divide 3982?
True
Is 1284 a multiple of 16?
False
Is 105 a factor of 34600?
False
Does 21 divide 607?
False
Does 6 divide 5946?
True
Does 14 divide 4508?
True
Is 113890 a multiple of 14?
True
Is 6417 a multiple of 29?
False
Is 132 a multiple of 22?
True
Does 68 divide 7253?
False
Is 4300 a multiple of 50?
True
Is 594 a multiple of 15?
False
Is 71 a factor of 1059?
False
Does 66 divide 10640?
False
Is 4086 a multiple of 13?
False
Does 41 divide 943?
True
Does 157 divide 15543?
True
Is 1218 a multiple of 21?
True
Does 54 divide 40284?
True
Does 15 divide 10440?
True
Does 19 divide 114?
True
Is 11002 a multiple of 10?
False
Is 34 a factor of 43180?
True
Is 262 a factor of 79779?
False
Is 20758 a multiple of 39?
False
Does 32 divide 731?
False
Is 15 a factor of 3795?
True
Is 45 a factor of 50400?
True
Does 49 divide 601?
False
Is 36 a factor of 4054?
False
Is 515 a multiple of 9?
False
Does 11 divide 5665?
True
Is 14 a factor of 28?
True
Is 35 a factor of 2485?
True
Does 18 divide 3295?
False
Is 945 a multiple of 35?
True
Is 936 a multiple of 78?
True
Does 5 divide 625?
True
